Let a(h) = 6*h - 103. Give a(15).
-13
Let s(n) = 74*n - 432. What is s(6)?
12
Let o(z) = -z**2 - 48*z - 375. Give o(-38).
5
Let z(k) = 2*k**2 + 45*k - 25. What is z(-23)?
-2
Let g(x) = x + 22. Calculate g(-17).
5
Let t(f) = 2*f + 20. What is t(-10)?
0
Let c(d) = d**2 + 4*d - 2. Determine c(-6).
10
Let h(u) = 5*u**2 + u + 1. Determine h(2).
23
Let z(h) = -6*h + 148. Determine z(28).
-20
Let b(i) = i**2 + 4*i - 5. What is b(-4)?
-5
Let g(o) = -12*o - 33. Calculate g(-8).
63
Let u(w) = 19*w - 20. Give u(1).
-1
Let o(g) = -g**3 - 14*g**2 + 15*g + 8. What is o(-15)?
8
Let x(t) = -t**2 + 5. Calculate x(-6).
-31
Let x(g) = -3*g**2 - 27*g + 11. What is x(-9)?
11
Let z(p) = -3*p - 9. Determine z(-8).
15
Let p(a) = 3*a**2 - 50*a - 129. Determine p(19).
4
Let a(c) = -c**3 + 9*c**2 - 16*c - 16. Give a(5).
4
Let x(k) = -8*k + 48. What is x(7)?
-8
Let n(k) = -k**3 - 4*k**2 + 9*k + 14. Calculate n(-5).
-6
Let w(r) = r**2 - 2. Give w(-4).
14
Let a(v) = -v**2 + 65*v + 279. Calculate a(69).
3
Let b(v) = -19*v + 4. Calculate b(-1).
23
Let z(k) = k**2 - 9*k - 22. What is z(11)?
0
Let o(k) = k**2 + 24*k + 33. What is o(-22)?
-11
Let n(l) = -27*l**3 - 2*l**2 + 1. Calculate n(1).
-28
Let y(i) = -i**3 - 3*i**2 + 12*i + 6. What is y(-5)?
-4
Let x(l) = -l**2 - 7*l + 114. Give x(7).
16
Let t(p) = p**2 + 5*p - 52. What is t(5)?
-2
Let y(a) = 25*a - 315. Determine y(13).
10
Let n(q) = -5*q - 2. Calculate n(-5).
23
Let m(d) = 12*d + 14. Give m(-6).
-58
Let l(g) = -g**2 + 12*g + 103. Give l(18).
-5
Let x(t) = -t**2 - 12*t - 17. What is x(-12)?
-17
Let s(z) = -z**3 + 2*z**2 + 4*z - 2. What is s(2)?
6
Let v(h) = -4*h**2 + 12*h + 13. Give v(-1).
-3
Let j(u) = 4*u + 7. Calculate j(-3).
-5
Let w(c) = -2*c + 8. Calculate w(2).
4
Let y(l) = l**2 - 14*l - 5. Determine y(14).
-5
Let u(b) = -b**2 + 12*b + 30. What is u(13)?
17
Let v(a) = 2*a**3 + 14*a**2 + a + 10. What is v(-7)?
3
Let j(c) = c**2 + 15*c + 17. Give j(-13).
-9
Let c(s) = 5*s - 75. Give c(15).
0
Let i(c) = -c**3 - 15*c**2 + 15*c - 3. Determine i(-16).
13
Let u(y) = -3*y + 3. Determine u(-2).
9
Let r(b) = b**3 + 8*b**2 - 7*b. What is r(-9)?
-18
Let p(c) = c**2 - 15*c - 3. Determine p(14).
-17
Let o(r) = r**2 - 10*r - 25. Determine o(12).
-1
Let z(x) = -2*x**3 - 8*x**2 - 6*x - 6. Determine z(-4).
18
Let h(v) = -v**2 - 5*v - 3. Determine h(-3).
3
Let k(w) = -w**3 - 9*w**2 - 11*w - 6. Give k(-8).
18
Let a(g) = g**3 - 15*g**2 - 18*g + 29. Give a(16).
-3
Let k(f) = -f**2 - 8*f - 19. What is k(-3)?
-4
Let h(z) = 19*z**3 - z**2 - 3*z - 3. Calculate h(-1).
-20
Let y(n) = -n**2 + 34*n - 261. What is y(22)?
3
Let u(z) = z**3 - 8*z**2 + 5*z + 14. Determine u(7).
0
Let g(k) = -k - 21. What is g(-8)?
-13
Let v(d) = d**3 + d**2 - 11*d + 7. Calculate v(-4).
3
Let k(h) = -4*h**2 + h - 1. Calculate k(2).
-15
Let t(y) = -y**3 - 6*y**2 - y - 10. Give t(-7).
46
Let r(d) = -2*d + 35. Calculate r(14).
7
Let u(y) = -3*y - 10. What is u(-5)?
5
Let h(u) = 4*u**3 + u**2 - 3*u + 3. Give h(2).
33
Let a(v) = -v**3 + 3*v**2 - 5*v + 4. Give a(5).
-71
Let j(u) = -3*u**3 - 3*u**2 + 1. Give j(-1).
1
Let d(n) = -2*n**2 - 5*n - 3. Calculate d(-3).
-6
Let y(g) = -g**3 + 10*g**2 - 5*g - 13. Calculate y(9).
23
Let w(p) = 7*p**3 + 3*p**2 - 4*p + 2. Determine w(1).
8
Let q(o) = o**2 - 31*o + 57. Determine q(29).
-1
Let d(y) = -y**3 - 25*y**2 + 25*y - 21. Determine d(-26).
5
Let j(n) = -n**3 - 2*n**2 - n + 1. Determine j(-2).
3
Let b(m) = 99*m + 490. Determine b(-5).
-5
Let a(j) = j**2 + j - 23. Give a(-8).
33
Let n(p) = -5*p**2 - 1. Calculate n(1).
-6
Let t(p) = -p**2 - 9*p + 14. Determine t(-10).
4
Let i(r) = r**3 - 24*r**2 + 4*r - 84. Give i(24).
12
Let i(a) = -11*a + 6. Calculate i(7).
-71
Let m(n) = n**3 - n**2 - n + 20. Calculate m(0).
20
Let v(a) = -4*a - 5. Give v(4).
-21
Let j(q) = q**3 + 13*q**2 - 2*q + 4. What is j(-13)?
30
Let k(a) = a**2 + 10*a - 36. Determine k(-13).
3
Let q(h) = -h**3 - 35*h**2 + h + 46. Calculate q(-35).
11
Let y(u) = u**3 - 7*u**2 - 13. Calculate y(6).
-49
Let d(m) = 5*m + 30. Give d(-6).
0
Let z(g) = -g + 6. Determine z(15).
-9
Let u(a) = a**2 - 10*a + 2. What is u(10)?
2
Let r(b) = b**2 + 5*b - 34. What is r(4)?
2
Let c(d) = -3*d**3 - 6*d**2 - 4*d + 7. Determine c(-3).
46
Let l(h) = -h**3 - 8*h**2 - 7*h - 10. What is l(-8)?
46
Let m(p) = -2*p**3 - 27*p**2 - 15*p - 4. What is m(-13)?
22
Let r(x) = -x**3 - 14*x**2 - 12*x + 4. Determine r(-13).
-9
Let j(z) = -z**2 - 6*z + 4. Determine j(-5).
9
Let f(s) = 37*s - 40. Calculate f(1).
-3
Let c(a) = -13*a + 82. Calculate c(7).
-9
Let p(g) = 10*g - 92. Determine p(10).
8
Let a(q) = -4*q + 1. Determine a(1).
-3
Let b(v) = -v**2 + 14*v + 7. Calculate b(13).
20
Let p(c) = -26*c**2 + c - 1. Calculate p(1).
-26
Let s(x) = 2*x**3 - 3*x**2 + 4*x - 6. Give s(4).
90
Let p(s) = s + 17. Calculate p(-16).
1
Let v(g) = g**2 + 16*g + 13. What is v(-13)?
-26
Let x(a) = -a**3 + 2*a**2 + 2*a - 3. What is x(3)?
-6
Let w(h) = 5*h**3 - 15*h**2 + 2*h - 4. Calculate w(3).
2
Let p(l) = 29*l - 137. What is p(5)?
8
Let y(m) = -m - 55. Calculate y(-13).
-42
Let c(v) = -v**3 + 8*v**2 + 9*v. Calculate c(9).
0
Let i(b) = b**2 - 13*b - 22. What is i(14)?
-8
Let o(f) = -33*f**2 - 6*f - 5. Give o(-2).
-125
Let p(a) = -3*a + 25. Calculate p(6).
7
Let g(r) = 5*r + 69. What is g(-18)?
-21
Let z(y) = y**2 - 9. Give z(-7).
40
Let u(h) = 5*h**3 + 24*h**2 - 2*h + 13. What is u(-5)?
-2
Let w(k) = -31*k**3 + k**2 + 3*k + 1. Give w(-1).
30
Let b(s) = -26*s**3 - 2*s**2 + 5*s - 3. What is b(1)?
-26
Let u(j) = -j**2 + 24*j - 84. Calculate u(19).
11
Let z(q) = 2*q + 1. Give z(-1).
-1
Let g(p) = p**3 - 4*p**2 - 21*p + 11. Give g(7).
11
Let k(w) = -w**3 + 18*w**2 - 26*w - 30. Calculate k(16).
66
Let w(r) = -2*r - 27. Calculate w(-13).
-1
Let q(t) = -5*t + 9. What is q(-9)?
54
Let j(b) = -51*b + 205. What is j(4)?
1
Let w(c) = c + 18. Calculate w(-9).
9
Let x(y) = y**2 - 20*y + 52. What is x(17)?
1
Let o(v) = -2*v**3 + v - 4. What is o(-3)?
47
Let h(f) = -2*f + 78. Determine h(35).
8
Let i(q) = 14*q**2 + 111*q - 10. What is i(-8)?
-2
Let t(d) = -d**2 - 7*d - 6. Determine t(-7).
-6
Let r(m) = 5*m - 9. Determine r(3).
6
Let z(l) = -2*l**2 + 34*l + 6. Calculate z(17).
6
Let t(j) = -28*j + 283. Determine t(10).
3
Let m(g) = 8*g - 22. Calculate m(6).
26
Let d(c) = 3*c**3 - c**2 + 2*c - 1. Calculate d(-2).
-33
Let b(u) = -9*u**2 - 8*u - 4. Determine b(-4).
-116
Let g(a) = 9*a + 3. Give g(5).
48
Let f(b) = -7*b. Calculate f(8).
-56
Let b(s) = -2*s**2 + s + 1. Give b(-2).
-9
Let j(m) = m**2 - 43*m - 53. Calculate j(43).
-53
Let p(c) = -c**3 - 9*c**2 + 8*c - 29. Calculate p(-10).
-9
Let v(a) = -a**3 + 5*a**2 + 3*a - 9. Give v(4).
19
Let d(k) = k**2 - 51*k - 401. Calculate d(-7).
5
Let w(g) = -9*g - 5. Determine w(2).
-23
Let t(h) = -h**3 - 15*h**2 - 21. What is t(-15)?
-21
Let n(t) = 2*t**2 + 1. Determine n(4).
33
Let f(p) = -p**2 + 8*p. Give f(-4).
-48
Let f(y) = y**2 + 8*y + 16. Calculate f(-6).
4
Let n(d) = 4*d**2 - 2. Calculate n(2).
14
Let p(j) = -4*j + 2. What is p(-1)?
6
Let r(t) = -2*t**3 + 24*t**2 + 27*t - 18. What is r(13)?
-5
Let r(d) = 7*d + 113. Give r(-12).
29
Let x(l) = -l**3 + 3*l**2 + 4*l - 1. Determine x(3).
11
Let j(s) = 7*s - 2. Calculate j(1).
5
Let c(k) = -k**3 - 4*k**2 - 4*k - 4. Determine c(-5).
41
Let a(s) = -s**2 - 5*s - 2. Give a(-10).
-52
Let l(o) = -47*o - 985. Give l(-21).
2
Let a(k) = k**2 + 29*k + 48. Calculate a(-27).
-6
Let z(h) = -h**3 - 11*h**2 + 2*h + 19. Give z(-11).
-3
Let l(f) = f**3 + 36*f**2 - 37*f - 1. Determine l(-37).
-1
Let k(j) = -j**2 + 17*j + 241. What is k(26)?
7
Let k(z) = 5*z + 90. Determine k(-14).
20
Let n(z) = -21*z**2 - z + 1. What is n(-1)?
-19
Let p(i) = i**3 + 2*i**2 - 23*i + 2. Give p(-6).
-4
Let j(y) = 10*y - 3. What is j(-11)?
-113
Let f(y) = -y**3 - 10*y**2 + 18*y + 10. Calculate f(-12).
82
Let d(n) = -2*n**2 + 4*n - 7. Give d(3).
-13
Let g(d) = -d**2 - 9*d - 15. Determine g(-8).
-7
Let d(j) = -15*j - 353. Give d(-24).
7
Let k(q) = q**3 - 34*q**2 - 72*q + 15. Determine k(36).
15
Let n(a) = 2*a**2 - 13*a - 10. What is n(9)?
35
Let o(d) = -d**3 + 9*d**2 + 9*d - 11. What is o(10)?
-21
Let w(k) = 2*k**3 - 14*k**2 + 14*k - 4. Calculate w(6).
8
Let f(b) = b**2 - b + 2. What is f(-6)?
44
Let o(i) = -i**3 - 10*i**2 - i - 8. Determine o(-10).
2
Let w(d) = d**3 + 8*d**2 - 5*d + 4. What